{"id":173,"date":"2022-11-30T16:04:23","date_gmt":"2022-11-30T16:04:23","guid":{"rendered":"https:\/\/adventskalender.kinoaarau.ch\/?page_id=173"},"modified":"2024-11-25T09:59:03","modified_gmt":"2024-11-25T09:59:03","slug":"gewinneinloesebedingungen","status":"publish","type":"page","link":"https:\/\/adventskalender.kinoaarau.ch\/?page_id=173","title":{"rendered":"Gewinneinl\u00f6sebedingungen"},"content":{"rendered":"\n<p>Die Tagesgewinner werden per E-Mail kontaktiert. Die Preise m\u00fcssen bis sp\u00e4testens 31. Januar 2025 im Kino Ideal w\u00e4hrend den Kino\u00f6ffnungszeiten abgeholt werden.<\/p>\n\n\n\n<p>An der Verlosung f\u00fcr eine Privatvorstellung mit 30 Personen kann nur teilgenommen werden, wenn man an jedem Tag des Kalenders mitgemacht hat. Der\/die Gewinner\/in wird schriftlich benachrichtigt. Der Gewinn ist einzul\u00f6sen in der Zeitspanne vom 03. Januar 2025 bis 30. Mai 2025 und nur m\u00f6glich von Montag bis Mittwoch (ausg. Feiertage).<\/p>\n","protected":false},"excerpt":{"rendered":"<p>Die Tagesgewinner werden per E-Mail kontaktiert. Die Preise m\u00fcssen bis sp\u00e4testens 31. Januar 2025 im Kino Ideal w\u00e4hrend den Kino\u00f6ffnungszeiten abgeholt werden. An der Verlosung f\u00fcr eine Privatvorstellung mit 30 Personen kann nur teilgenommen werden, wenn man an jedem Tag des Kalenders mitgemacht hat. Der\/die Gewinner\/in wird schriftlich benachrichtigt. Der Gewinn ist einzul\u00f6sen in der [&hellip;]<\/p>\n","protected":false},"author":2,"featured_media":0,"parent":0,"menu_order":0,"comment_status":"closed","ping_status":"closed","template":"","meta":{"footnotes":""},"class_list":["post-173","page","type-page","status-publish","hentry"],"_links":{"self":[{"href":"https:\/\/adventskalender.kinoaarau.ch\/index.php?rest_route=\/wp\/v2\/pages\/173","targetHints":{"allow":["GET"]}}],"collection":[{"href":"https:\/\/adventskalender.kinoaarau.ch\/index.php?rest_route=\/wp\/v2\/pages"}],"about":[{"href":"https:\/\/adventskalender.kinoaarau.ch\/index.php?rest_route=\/wp\/v2\/types\/page"}],"author":[{"embeddable":true,"href":"https:\/\/adventskalender.kinoaarau.ch\/index.php?rest_route=\/wp\/v2\/users\/2"}],"replies":[{"embeddable":true,"href":"https:\/\/adventskalender.kinoaarau.ch\/index.php?rest_route=%2Fwp%2Fv2%2Fcomments&post=173"}],"version-history":[{"count":5,"href":"https:\/\/adventskalender.kinoaarau.ch\/index.php?rest_route=\/wp\/v2\/pages\/173\/revisions"}],"predecessor-version":[{"id":21431,"href":"https:\/\/adventskalender.kinoaarau.ch\/index.php?rest_route=\/wp\/v2\/pages\/173\/revisions\/21431"}],"wp:attachment":[{"href":"https:\/\/adventskalender.kinoaarau.ch\/index.php?rest_route=%2Fwp%2Fv2%2Fmedia&parent=173"}],"curies":[{"name":"wp","href":"https:\/\/api.w.org\/{rel}","templated":true}]}}