{"id":107,"date":"2022-11-15T14:28:37","date_gmt":"2022-11-15T14:28:37","guid":{"rendered":"https:\/\/adventskalender.kinoaarau.ch\/?page_id=107"},"modified":"2022-11-15T14:32:45","modified_gmt":"2022-11-15T14:32:45","slug":"teilnahmebedingungen","status":"publish","type":"page","link":"https:\/\/adventskalender.kinoaarau.ch\/?page_id=107","title":{"rendered":"Teilnahmebedingungen"},"content":{"rendered":"\n<p>Teilnahmeberechtigt sind alle in der Schweiz wohnhaften Personen. Pro Person ist nur eine Registrierung am Wettbewerb zul\u00e4ssig. Kein Abschlusszwang. Keine Korrespondenz. Der Rechtsweg ist ausgeschlossen.\u00a0 Von der Teilnahme ausgeschlossen sind Mitarbeitende der Kino Aarau AG und deren Angeh\u00f6rige. Durch die Teilnahme am Gewinnspiel erkl\u00e4rt der\/die Teilnehmende sein Einverst\u00e4ndnis mit den Spielregeln des Wettbewerbs. Die Verlosung der Preise findet t\u00e4glich statt. Die Wettbewerbspreise k\u00f6nnen <strong>nicht<\/strong> in bar ausgezahlt werden.<\/p>\n\n\n\n<p>Die Kino Aarau AG ist jederzeit befugt, die Teilnahmebedingungen sowie die Spielregeln ohne Angaben von Gr\u00fcnden zu \u00e4ndern. Die \u00c4nderungen werden nicht als E-Mail an die Teilnehmenden verschickt. Die Kino Aarau AG \u00fcbernimmt keine Haftung bei Ver\u00f6ffentlichung von falschen Informationen. Sie \u00fcbernimmt ebenfalls keine Haftung, wenn Dateneingaben in Formularen oder E-Mails von den Teilnehmenden nicht den Anforderungen entsprechen und dadurch vom System nicht erkannt werden. Sollten technische oder rechtliche Gr\u00fcnde gegen den einwandfreien Ablauf des Gewinnspiels sprechen, so kann die Kino Aarau AG den Wettbewerb jederzeit und ohne Angabe von Gr\u00fcnden beenden.<\/p>\n\n\n\n<p>Die Kino Aarau AG beh\u00e4lt sich das Recht vor, Teilnehmende ohne Angabe von Gr\u00fcnden zu disqualifizieren und vom Wettbewerb fristlos auszuschliessen. Dies trifft insbesondere dann zu, wenn Teilnehmende versuchen ihre Teilnahme zu manipulieren oder gegen die Teilnahmebedingungen zu verstossen.<\/p>\n","protected":false},"excerpt":{"rendered":"<p>Teilnahmeberechtigt sind alle in der Schweiz wohnhaften Personen. Pro Person ist nur eine Registrierung am Wettbewerb zul\u00e4ssig. Kein Abschlusszwang. Keine Korrespondenz. Der Rechtsweg ist ausgeschlossen.\u00a0 Von der Teilnahme ausgeschlossen sind Mitarbeitende der Kino Aarau AG und deren Angeh\u00f6rige. Durch die Teilnahme am Gewinnspiel erkl\u00e4rt der\/die Teilnehmende sein Einverst\u00e4ndnis mit den Spielregeln des Wettbewerbs. Die Verlosung [&hellip;]<\/p>\n","protected":false},"author":2,"featured_media":0,"parent":0,"menu_order":0,"comment_status":"closed","ping_status":"closed","template":"","meta":{"footnotes":""},"class_list":["post-107","page","type-page","status-publish","hentry"],"_links":{"self":[{"href":"https:\/\/adventskalender.kinoaarau.ch\/index.php?rest_route=\/wp\/v2\/pages\/107","targetHints":{"allow":["GET"]}}],"collection":[{"href":"https:\/\/adventskalender.kinoaarau.ch\/index.php?rest_route=\/wp\/v2\/pages"}],"about":[{"href":"https:\/\/adventskalender.kinoaarau.ch\/index.php?rest_route=\/wp\/v2\/types\/page"}],"author":[{"embeddable":true,"href":"https:\/\/adventskalender.kinoaarau.ch\/index.php?rest_route=\/wp\/v2\/users\/2"}],"replies":[{"embeddable":true,"href":"https:\/\/adventskalender.kinoaarau.ch\/index.php?rest_route=%2Fwp%2Fv2%2Fcomments&post=107"}],"version-history":[{"count":2,"href":"https:\/\/adventskalender.kinoaarau.ch\/index.php?rest_route=\/wp\/v2\/pages\/107\/revisions"}],"predecessor-version":[{"id":111,"href":"https:\/\/adventskalender.kinoaarau.ch\/index.php?rest_route=\/wp\/v2\/pages\/107\/revisions\/111"}],"wp:attachment":[{"href":"https:\/\/adventskalender.kinoaarau.ch\/index.php?rest_route=%2Fwp%2Fv2%2Fmedia&parent=107"}],"curies":[{"name":"wp","href":"https:\/\/api.w.org\/{rel}","templated":true}]}}